 base 9
-203551
Convert -145102 (base 12) to base 9.
-568142
Convert 4213111 (base 5) to base 13.
259ba
1279472 (base 10) to base 15
1a4182
-1322130322 (base 4) to base 3
-221111000101
What is -2443415 (base 6) in base 8?
-376543
-12000012121 (base 3) to base 2
-11000000100000110
What is -6849c (base 14) in base 16?
-3ddba
-13866 (base 11) to base 2
-100110011011010
Convert 1011712 (base 8) to base 10.
267210
2310143 (base 6) to base 2
11100110011101111
Convert -1b6a46 (base 12) to base 4.
-1313111112
-2646032 (base 7) to base 12
-149355
What is 13011120 (base 4) in base 13?
10290
11000221011 (base 3) to base 9
130834
-6a4c08 (base 13) to base 14
-499c76
Convert 1330c4 (base 13) to base 16.
7136f
What is 8886949 (base 10) in base 15?
ba8284
Convert 212b460 (base 12) to base 5.
3102010203
1452525 (base 6) to base 12
41145
Convert -34334101 (base 7) to base 8.
-13343717
-5aa145 (base 12) to base 14
-2a34c5
Convert -56829 (base 12) to base 8.
-341041
Convert -714938 (base 10) to base 12.
-2a58a2
What is 110001121021 (base 3) in base 10?
237364
Convert -12421551 (base 6) to base 15.
-80a81
Convert 20ea3d (base 15) to base 14.
2cb780
828e69 (base 15) to base 8
27532043
11724503 (base 8) to base 5
1131133420
What is 1660002 (base 7) in base 11?
149a87
Convert -e2330 (base 16) to base 4.
-3202030300
Convert -1404 (base 6) to base 8.
-554
Convert 2043776 (base 8) to base 13.
160047
What is 14453210 (base 6) in base 7?
4201632
Convert 1733741 (base 11) to base 10.
2947726
13321230131 (base 4) to base 5
1012240300
-162914 (base 12) to base 3
-201012112121
Convert 1acbb (base 16) to base 4.
122302323
What is -464445 (base 7) in base 3?
-11020011210
Convert 97995 (base 12) to base 6.
4142305
What is -1653687 (base 9) in base 5?
-213440132
Convert -127472 (base 13) to base 11.
-284009
Convert 4432243024 (base 5) to base 2.
100100110011111001100100
2042421103 (base 5) to base 3
22000121222100
Convert -422433b (base 12) to base 8.
-57513337
Convert 19a72 (base 16) to base 9.
170118
-16312a (base 13) to base 15
-acc05
What is -153432402 (base 6) in base 11?
-1923450
284463 (base 11) to base 7
3532455
33742541 (base 8) to base 16
6fc561
-3387147 (base 12) to base 13
-2080315
What is 112515443 (base 6) in base 7?
23541543
What is 22330001022 (base 4) in base 13?
795117
Convert -21847618 (base 9) to base 13.
-2272664
Convert 241213 (base 5) to base 14.
3381
Convert -110010100001001000 (base 2) to base 7.
-1521160
30834 (base 9) to base 2
100111110001010
-553043 (base 6) to base 7
-251133
1031301210 (base 4) to base 15
645c9
What is 1302111212 (base 4) in base 11?
29a951
Convert 1244610 (base 7) to base 12.
7a090
Convert 10110011010101100100011 (base 2) to base 4.
112122230203
Convert 218017 (base 12) to base 2.
10000001111100010011
Convert 10052115 (base 6) to base 3.
112120112202
d64d (base 14) to base 16
9035
Convert 50411 (base 8) to base 16.
5109
Convert -20211121121220 (base 3) to base 9.
-6747556
What is -1454a07 (base 11) in base 8?
-11412027
What is 2132202133 (base 4) in base 6?
21530211
Convert 22013231123 (base 4) to base 13.
71b745
-1532305 (base 7) to base 5
-23202400
2528785 (base 9) to base 4
11100112331
Convert 10260a (base 12) to base 15.
50027
What is -263461 (base 8) in base 11?
-630a4
What is -1da86 (base 15) in base 9?
-156800
-602516 (base 8) to base 3
-101001120002
10010110110111010101110 (base 2) to base 11
2877172
56266264 (base 7) to base 12
1770607
Convert 79a745 (base 13) to base 8.
12767516
What is -3802767 (base 9) in base 12?
-839281
-5d775 (base 15) to base 2
-1001000111010111101
Convert -111102201102 (base 3) to base 9.
-442642
What is 1000011000100101 (base 2) in base 15?
a296
What is 1b1739 (base 12) in base 13?
13a469
Convert 677752 (base 8) to base 16.
37fea
What is -35362450 (base 7) in base 15?
-41ac2d
851299 (base 12) to base 16
1ffd55
What is 22aa8 (base 16) in base 6?
3013212
What is 10261427 (base 8) in base 16?
216317
-210650 (base 7) to base 15
-ab7e
What is 333331202 (base 4) in base 11?
16991a
Convert -104524500 (base 6) to base 8.
-7220024
What is 469891 (base 10) in base 15?
94361
What is -110000010101111100100011 (base 2) in base 16?
-c15f23
What is -1001010100010111011 (base 2) in base 13?
-a8c98
What is -398833 (base 11) in base 12?
-262726
Convert -7a472 (base 13) to base 12.
-a8a36
-12000111102 (base 3) to base 6
-2041145
What is -95865 (base 11) in base 2?
-100010000011000111
Convert 1100010001101001001011 (base 2) to base 15.
438730
What is 12101021200020 (base 3) in base 13?
7917b7
-24216 (base 8) to base 7
-42161
Convert -4933788 (base 10) to base 9.
-10248786
What is 566349 (base 13) in base 15?
2a4da6
What is 10243023 (base 5) in base 11?
5a620
What is -101443 (base 7) in base 6?
-212241
300524 (base 6) to base 7
125404
109694 (base 12) to base 16
40c90
-34543555 (base 6) to base 10
-1071359
Convert -18b822 (base 14) to base 3.
-1122112221001
What is -94c14 (base 13) in base 3?
-111121110120
What is 1000121102020021 (base 3) in base 14?
1d3cd39
100120222102211 (base 3) to base 7
61220323
What is -64231 (base 10) in base 6?
-1213211
What is -101121200102 (base 3) in base 9?
-347612
Convert 2583a37 (base 12) to base 8.
34137013
Convert 1566431 (base 7) to base 10.
218366
Convert -7644149 (base 10) to base 12.
-2687845
-211101033 (base 4) to base 10
-152655
Convert 1000858 (base 9) to base 5.
114012032
-24f91 (base 16) to base 15
-2ed11
What is 1011101111000101001 (base 2) in base 5?
44301203
What is -4015430 (base 6) in base 14?
-4cd18
Convert 693985 (base 10) to base 2.
10101001011011100001
What is -68640 (base 11) in base 3?
-12001011110
What is -41100041 (base 6) in base 10?
-1174201
What is -1a140 (base 11) in base 13?
-ca4a
2cb998 (base 15) to base 12
88525b
Convert -632b4c (base 14) to base 2.
-1100110001110110010000
What is -16431765 (base 10) in base 3?
-1010220211010220
Convert 855b68 (base 13) to base 9.
5784151
-26765 (base 9) to base 3
-220212012
34230121 (base 5) to base 3
120111102122
What is 133230133 (base 4) in base 7?
1050331
-a4182b (base 16) to base 13
-22c6b8a
-1414027 (base 11) to base 2
-1001010010101010101111
What is 1110202211211 (base 3) in base 15?
106e3d
Convert 12855b4 (base 13) to base 10.
5809860
-1543400 (base 7) to base 12
-a2b95
Convert 316043336 (base 7) to base 16.
11f64d7
-1403b23 (base 13) to base 12
-2149810
Convert -2767a6 (base 16) to base 14.
-4b319c
What is -52037 (base 13) in base 2?
-100011111100101101
What is 187083 (base 9) in base 4?
130133223
-20102112222222 (base 3) to base 8
-15020035
Convert 100021322 (base 4) to base 3.
10100202202
-17b04 (base 16) to base 7
-552611
What is 22595a (base 14) in base 11?
728629
Convert 248a390 (base 11) to base 12.
1542b82
What is 11003310 (base 4) in base 12?
bbb0
Convert 12210110201 (base 3) to base 9.
183421
What is -20303031303 (base 4) in base 5?
-1042310211
What is -11572811 (base 9) in base 16?
-565462
-629935 (base 10) to base 16
-99caf
Convert -191226 (base 11) to base 8.
-1077025
What is -33333212301 (base 4) in base 5?
-2033131224
Convert -8347a2 (base 11) to base 9.
-2460208
What is -38898a (base 16) in base 2?
-1110001000100110001010
-12464a (base 15) to base 2
-11010101110000011001
-30340164 (base 7) to base 5
-1121440444
-57275a2 (base 11) to base 10
-10024478
4a0782 (base 12) to base 3
2021011021222
What is -32521021 (base 6) in base 9?
-1745174
-b575 (base 14) to base 3
-1120220001
Convert 165937 (base 10) to base 2.
101000100000110001
Convert 1023022011 (base 4) to base 5.
34322340
What is -124576 (base 9) in base 10?
-75561
What is -747828 (base 11) in base 14?
-231d36
b4695 (base 13) to base 3
121110120112
-1540523 (base 8) to base 11
-282681
11001000101111001100 (base 2) to base 5
202302340
Convert 101012200202121 (base 3) to base 8.
24546507
Convert -473530 (base 8) to base 13.
-58748
Convert 12201120121 (base 3) to base 8.
334057
Convert 24021113 (base 5) to base 7.
1604601
-190666 (base 10) to base 13
-68a28
Convert -127328 (base 11) to base 6.
-4142043
-10223403342 (base 5) to base 12
-37306a4
Convert -4244601 (base 7) to base 12.
-20a389
What is -5516a10 (base 11) in base 12?
-32b1a24
What is -230505 (base 9) in base 3?
-21000120012
Convert -55646403 (base 7) to base 6.
-251140343
Convert -1